of 3263?
2
What is the tens digit of 66406?
0
What is the thousands digit of 7220?
7
What is the tens digit of 24476?
7
What is the ten thousands digit of 32534?
3
What is the tens digit of 64093?
9
What is the units digit of 9285?
5
What is the hundreds digit of 39702?
7
What is the tens digit of 1327?
2
What is the tens digit of 9601?
0
What is the thousands digit of 1819?
1
What is the ten thousands digit of 70791?
7
What is the tens digit of 612?
1
What is the hundreds digit of 28217?
2
What is the units digit of 42457?
7
What is the ten thousands digit of 74189?
7
What is the tens digit of 489?
8
What is the tens digit of 957?
5
What is the hundreds digit of 72284?
2
What is the hundreds digit of 513?
5
What is the thousands digit of 12196?
2
What is the hundreds digit of 11681?
6
What is the thousands digit of 1350?
1
What is the tens digit of 3551?
5
What is the units digit of 792?
2
What is the thousands digit of 6039?
6
What is the ten thousands digit of 33534?
3
What is the units digit of 428?
8
What is the hundreds digit of 8573?
5
What is the hundreds digit of 2932?
9
What is the units digit of 6266?
6
What is the units digit of 833?
3
What is the ten thousands digit of 47233?
4
What is the tens digit of 790?
9
What is the units digit of 26851?
1
What is the thousands digit of 45961?
5
What is the thousands digit of 73876?
3
What is the thousands digit of 2063?
2
What is the ten thousands digit of 13951?
1
What is the units digit of 37185?
5
What is the hundreds digit of 29632?
6
What is the units digit of 868?
8
What is the thousands digit of 14735?
4
What is the units digit of 40619?
9
What is the thousands digit of 134177?
4
What is the hundreds digit of 147?
1
What is the tens digit of 6178?
7
What is the units digit of 4105?
5
What is the ten thousands digit of 33443?
3
What is the units digit of 23867?
7
What is the hundreds digit of 16833?
8
What is the hundreds digit of 759?
7
What is the tens digit of 85?
8
What is the ten thousands digit of 15899?
1
What is the tens digit of 1139?
3
What is the ten thousands digit of 171880?
7
What is the tens digit of 6074?
7
What is the hundreds digit of 11787?
7
What is the hundreds digit of 26102?
1
What is the tens digit of 63815?
1
What is the hundreds digit of 37138?
1
What is the units digit of 4339?
9
What is the tens digit of 10560?
6
What is the tens digit of 116525?
2
What is the thousands digit of 15333?
5
What is the ten thousands digit of 23937?
2
What is the units digit of 8821?
1
What is the tens digit of 164?
6
What is the ten thousands digit of 40312?
4
What is the thousands digit of 1350?
1
What is the hundreds digit of 40990?
9
What is the hundreds digit of 479?
4
What is the ten thousands digit of 12525?
1
What is the ten thousands digit of 123677?
2
What is the units digit of 2554?
4
What is the thousands digit of 1547?
1
What is the thousands digit of 1312?
1
What is the units digit of 27788?
8
What is the hundreds digit of 661?
6
What is the units digit of 17416?
6
What is the hundreds digit of 5768?
7
What is the units digit of 1944?
4
What is the hundreds digit of 23833?
8
What is the hundreds digit of 1450?
4
What is the hundreds digit of 11175?
1
What is the units digit of 1233?
3
What is the tens digit of 26354?
5
What is the tens digit of 93?
9
What is the thousands digit of 1205?
1
What is the hundreds digit of 3569?
5
What is the units digit of 1893?
3
What is the tens digit of 982?
8
What is the units digit of 28888?
8
What is the tens digit of 8019?
1
What is the units digit of 1081?
1
What is the hundreds digit of 12018?
0
What is the tens digit of 147?
4
What is the thousands digit of 10984?
0
What is the tens digit of 7341?
4
What is the tens digit of 2092?
9
What is the tens digit of 15?
1
What is the units digit of 91?
1
What is the tens digit of 3504?
0
What is the tens digit of 1330?
3
What is the hundreds digit of 29444?
4
What is the units digit of 60?
0
What is the tens digit of 9394?
9
What is the thousands digit of 46325?
6
What is the units digit of 25766?
6
What is the hundreds digit of 610?
6
What is the units digit of 489?
9
What is the tens digit of 283?
8
What is the hundreds digit of 935?
9
What is the units digit of 613?
3
What is the thousands digit of 5024?
5
What is the hundreds digit of 5927?
9
What is the thousands digit of 1609?
1
What is the hundreds digit of 27933?
9
What is the ten thousands digit of 11225?
1
What is the units digit of 685?
5
What is the hundred thousands digit of 168571?
1
What is the thousands digit of 38246?
8
What is the tens digit of 26?
2
What is the thousands digit of 8859?
8
What is the tens digit of 543?
4
What is the hundreds digit of 12055?
0
What is the hundreds digit of 987?
9
What is the tens digit of 2573?
7
What is the units digit of 1?
1
What is the thousands digit of 1927?
1
What is the ten thousands digit of 25436?
2
What is the tens digit of 5277?
7
What is the hundreds digit of 184472?
4
What is the units digit of 4768?
8
What is the hundreds digit of 9502?
5
What is the thousands digit of 11483?
1
What is the thousands digit of 3962?
3
What is the tens digit of 722?
2
What is the thousands digit of 1499?
1
What is the units digit of 24409?
9
What is the tens digit of 17370?
7
What is the units digit of 59?
9
What is the units digit of 968?
8
What is the units digit of 631?
1
What is the tens digit of 649?
4
What is the tens digit of 5150?
5
What is the hundreds digit of 1387?
3
What is the hundreds digit of 10077?
0
What is the tens digit of 4852?
5
What is the hundreds digit of 2342?
3
What is the units digit of 11181?
1
What is the units digit of 13743?
3
What is the thousands digit of 103314?
3
What is the tens digit of 658?
5
What is the thousands digit of 1566?
1
What is the tens digit of 31557?
5
What is the hundreds digit of 20714?
7
What is the units digit of 22596?
6
What is the thousands digit of 7533?
7
What is the hundreds digit of 1365?
3
What is the units digit of 5303?
3
What is the units digit of 12358?
8
What is the hundreds digit of 13758?
7
What is the units digit of 6979?
9
What is the hundreds digit of 2766?
7
What is the units digit of 388?
8
What is the thousands digit of 1142?
1
What is the tens digit of 699?
9
What is the hundreds digit of 8894?
8
What is the hundreds digit of 2588?
5
What is the tens digit of 2554?
5
What is the ten thousands digit of 120414?
2
What is the hundreds digit of 732?
7
What is the thousands digit of 2417?
2
What is the units digit of 2906?
6
What is the tens digit of 24040?
4
What is the units digit of 1294?
4
What is the tens digit of 6923?
2
What is the thousands digit of 4505?
4
What is the thousands digit of 2773?
2
What is the thousands digit of 6033?
6
What is the hundreds digit of 20752?
7
What is the hundreds digit of 1459?
4
What is the hundreds digit of 1106?
1
What is the tens digit of 7423?
2
What is the units digit of 25028?
8
What is the units digit of 23656?
6
What is the thousands digit of 9252?
9
What is the thousands digit of 1662?
1
What is the thousands digit of 57559?
7
What is the tens digit of 2597?
9
What is the thousands digit of 5622?
5
What is the hundreds digit of 2138?
1
What is the hundreds digit of 16868?
8
What is the thousands digit of 1413?
1
What is the tens digit of 342?
4
What is the hundreds digit of 12393?
3
What is the thousands digit of 77804?
7
What is the hundreds digit of 4608?
6
What is the thousands digit of 1146?
1
What is the ten thousands digit of 16413?
1
What is the hundreds digit of 38781?
7
What is the thousands digit of 22723?
2
What is the hundreds digit of 408?
4
What is the tens digit of 91?
9
What is the units digit of 2572?
2
What is the tens digit of 1528?
2
What is the thousands digit of 1903?
1
What is the tens digit of 18555?
5
What is the hundred thousands digit of 112505?
1
What is the units digit of 348?
8
What is the hundreds digit of 589?
5
What is the tens digit of 17722?
2
What is the units digit of 8767?
7
What is the hundreds digit of 11241?
2
What is the hundreds digit of 885?
8
What is the hundreds digit of 818?
8
What is the hundreds digit of 1529?
5
What is the tens digit of 843?
4
What is the hundreds digit of 19029?
0
What is the units digit of 86635?
